 + b, -3*r - 5*v + 4069 = 0. Is r a composite number?
True
Suppose -5*b = -0*s - 2*s - 353, -2*b + 4*s + 138 = 0. Let x be 40/25 - (-8)/20. Suppose -m = 3*a - 805, -1131 + b = -4*a + x*m. Is a a prime number?
False
Let f(t) = 28554*t**2 - 37*t + 4. Is f(-3) a composite number?
True
Let t = 388866 + -260863. Is t composite?
True
Let r be 170 + (1 - (0 + (3 - 0))). Let t = 5689 + r. Is t a prime number?
True
Let u be 4 - ((0 - 6) + 7). Suppose -u*x = -8174 - 3847. Is x composite?
False
Is ((343860/(-16))/(-11))/(6/8) a prime number?
False
Let d(n) = -13*n + 336. Let l be d(25). Suppose 18583 + 12580 = l*i. Is i a composite number?
False
Let k = -4740 - -9120. Let u = k + -193. Is u composite?
True
Let u(p) = 5*p**3 + 7*p**2 - 6*p + 3. Let g be u(-9). Let i = -1762 - g. Is i a composite number?
False
Let r = -1124 - -2557. Let f = r - 3211. Is (0 + 1)/((-14)/f) composite?
False
Let w be (4 + -1217)*(-4 - 157) - -1. Suppose -32*h - 35710 = -w. Is h composite?
False
Let t(u) = u**2 + 4*u - 7. Let j be t(-6). Suppose 57*v + 60 = 42*v. Is -769*(j - 7)*(-2)/v a prime number?
True
Let v(p) be the first derivative of 6*p - 28 + 197/2*p**2. Is v(3) a composite number?
True
Suppose 0 = 5*h - c + 24, h - 4*c + 11 + 9 = 0. Let d(r) = 77*r**2 - 2*r - 13. Is d(h) composite?
True
Let j(t) = -t**3 + 7*t**2 + 3. Let q be j(7). Suppose 4*f = -2*a + 30430, q*a + 15220 = 2*f - a. Suppose -f + 2332 = -4*k. Is k a composite number?
False
Suppose -379662 = -3*l + 5*w, 41*w = 5*l + 44*w - 632770. Is l a prime number?
False
Let o be (0 - -1)/(2*4/24). Suppose -6181 = -o*j - 499. Is j composite?
True
Suppose -2*t + 241393 = -0*t - p, -t - 2*p + 120679 = 0. Is t a prime number?
False
Suppose -927920 = -5*l - 5*a + 347865, -3*a - 1020614 = -4*l. Is l composite?
True
Is 161/(-21) + 5 - 48402882/(-54) prime?
True
Suppose 16*n = 14*n - 5*y + 131586, 3*y = 4*n - 263224. Is n a prime number?
False
Let h = 77 + -42. Suppose 0 = 2*x - 5*g - h, -3*x - 49 = -7*x + 3*g. Suppose -x*d + 7*d = -66. Is d a composite number?
True
Suppose -2482 = -52*v + 50*v. Let d = v - 2065. Let r = 371 - d. Is r prime?
False
Let g(l) = 10*l**3 - 4*l**2 + 11*l - 63. Let h(b) = 5*b**3 - 2*b**2 + 5*b - 31. Let m(r) = 6*g(r) - 11*h(r). Is m(4) composite?
True
Let l(t) = t**2 - 2*t - 8. Let d be l(4). Let n be (8 + -8)*(-1 - d). Suppose 4*m = -5*o + 3*m + 1015, 4*o - m - 812 = n. Is o a prime number?
False
Let k(n) = 4*n - 6. Let j be k(5). Let i be (-2)/(-11) + j/(-77) + 207. Suppose i = 4*r + 59. Is r a composite number?
False
Suppose -3*x + 2*p + 74683 = -301764, -2*p = -2. Is x a composite number?
True
Let p(g) = 7*g - 25*g - 128*g - 32*g. Let s be p(-5). Suppose 0 = 10*c - 1480 - s. Is c a prime number?
False
Suppose x + 3 = 3*r, 0 = -32*r + 31*r - 2*x + 8. Suppose 3*c + 4*h = 35058, -r*c - 2*h = 7452 - 30824. Is c a prime number?
False
Let y = -33 + 38. Suppose -y*x = 2*h - 1478, 0 = 2*h - 5*x + 118 - 1596. Is h a prime number?
True
Let f = 1321 - -447. Is f - 35/(-14)*12/(-15) a prime number?
False
Let v(x) = 19 - x + 500*x**2 - 3*x - 341*x**2. Is v(-4) a composite number?
False
Suppose 3*u = s - 3270, -s + 2684 + 578 = -u. Let o(q) = 11*q**2 - 67*q + 8. Let t be o(6). Suppose -t*l + 2464 = -s. Is l a composite number?
False
Let k = 2352 - 2348. Let j be (3/(-1) + 2)*0. Suppose x + 4*q - 1949 = j, 0 = k*x + 4*q - 7136 - 660. Is x prime?
True
Let d = 534410 - 118031. Is d composite?
True
Suppose 5*m - 3*l - 3620 - 7235 = 0, 3*m - 6512 = 2*l. Suppose -5*f + 10870 = -4*r, 0*f - 5*r - m = -f. Is f prime?
False
Suppose 0 = 23*x - 78 - 60. Is (-14621*2/x)/((-1)/3) a composite number?
False
Let x = -173 + 177. Suppose x*n - 21023 = i, 0 = -0*n + 3*n + i - 15776. Is n a composite number?
True
Let f = 86 - -33. Suppose 14126 = -f*p + 121*p. Is p prime?
False
Is 46317/(-2)*(1/9 + 203/(-261)) a composite number?
False
Let o = -24040 + 636863. Is o a prime number?
True
Let v be (4/10)/((-357)/90 - -4). Let b be (-16)/v*(-1 - 83*7). Is (-1)/(-1*4/b) a prime number?
False
Suppose 0*b + 3*k = 5*b - 90, -3*b = 4*k - 83. Suppose -3*w = 5*p - 78, -3*p + 23 + b = -w. Suppose 11*c + 844 = p*c. Is c composite?
False
Suppose 0*p - 89480 = -5*d + 5*p, 3*p - 71563 = -4*d. Is d a prime number?
False
Let c(v) = 698*v**2 + 7*v - 20. Let b be c(15). Is (8 + 195/(-25))*b a prime number?
False
Is 282056/11 + (-12)/(-22) + 0/2 composite?
True
Let z(p) = 4396*p**2 - 817*p + 23. Is z(-7) a prime number?
False
Suppose -4*g = 12, 0 = 5*l + 2*g + 3*g. Let f be 1*((1 - l) + 3). Is (-1)/f*(5410/2)/(-5) prime?
True
Suppose -2*o - 3*f + 4*f = 538, -2*o - 546 = 3*f. Let z = 491 + o. Let n = z - 16. Is n a prime number?
False
Suppose -4*z + 11992 = 5*z + 3397. Is z prime?
False
Let q(s) be the second derivative of s**4/12 - s**3/3 - 30*s**2 + 57*s. Is q(19) composite?
False
Let s(t) be the second derivative of 8*t**4/3 + 5*t**3/3 + 5*t**2/2 - 5*t + 2. Is s(6) a composite number?
False
Suppose -2*j - 18*t + 16*t + 5382 = 0, -2*j - 5*t + 5391 = 0. Let x = -1811 + j. Is x a prime number?
True
Suppose -5*t = -o + 101220 + 79787, -3*t - 362000 = -2*o. Is o a prime number?
False
Suppose -20*x + 773261 = -505363 - 398956. Is x composite?
True
Suppose 184*b - 178*b + 2940 = 0. Suppose 0 = -5*d + 2521 + 1964. Let g = b + d. Is g prime?
False
Suppose -10 = -0*x - 2*x + 2*a, 3*x = -2*a - 10. Suppose x = 3*i + 424 + 1460. Is (1*i/(-10))/(4/20) a prime number?
False
Let g = -54 + 57. Suppose g*p = -3*z - 3 + 6, 14 = -4*z + 5*p. Is ((8275/4)/(-5))/(z/4) a composite number?
True
Let s(h) = -65*h + 57. Let v = 49 - 63. Is s(v) a prime number?
True
Let a(r) = -248*r + 3. Let j be a(-3). Let o(g) = -59*g - 1235. Let h be o(-21). Suppose c - 3003 = -h*i, 5*c - c - j = -i. Is i a composite number?
False
Is (-12)/(-3) - (-68051 + 22) a prime number?
False
Suppose 0 = -r + 5*k - 8*k, 0 = 3*k. Suppose 0 = 3*h - 3*b - 3144, r = 3*h + 4*b - 3709 + 600. Let j = h - -54. Is j a prime number?
True
Let p(l) = -4*l**2 + 2 + 1917*l - 959*l - 953*l + 135*l**3 - 1 - 2. Suppose 0 = 2*z - 4. Is p(z) prime?
False
Let x = -9020 + 13946. Suppose 9*g - 3*g = x. Is g composite?
False
Let f(g) = -77*g**3 - 5*g**2 + 20*g + 262. Is f(-10) prime?
False
Let t(c) = -21*c**3 - 54*c**2 - 107*c + 85. Is t(-53) prime?
True
Let v = -109 + -981. Let b = v - -2372. Is b composite?
True
Let z = -235699 + 364866. Is z composite?
True
Suppose 5*f = -d - 2*d + 37, -3*d = 2*f - 22. Let r be ((-2959)/44)/((-1)/d). Let b = r + -192. Is b composite?
True
Suppose 3*h + 6*h = 90. Let q = 14 - h. Suppose 4*p - q*m - 2094 + 826 = 0, -1278 = -4*p - m. Is p a prime number?
False
Let v = 446587 + -262176. Is v a prime number?
False
Let b(d) = -d - 5. Let w be b(-5). Let a(l) = 29*l**3 - 30*l**3 - l + 64*l**2 + 66*l**2 - 131*l**2 + 1163. Is a(w) composite?
False
Suppose q - 3*q + 8 = 0. Let m be 777 - (1 - 2) - q. Suppose 5*v - 1321 = m. Is v prime?
True
Suppose -s = z - 18309, -73231 = -3*s - s - 3*z. Let f = 29483 - s. Is f composite?
True
Let w(p) = 8*p**2 + 4. Let c be w(-2). Is 2*66/c*327 composite?
True
Let z(m) = 40*m**3 - 2*m - 3. Let k be z(-2). Let a(s) = -s**2 + 32*s + 1193. Let c be a(54). Is (k*c + -2)*1/(-1) a prime number?
True
Suppose -5*g - 8*g = -0*g. Suppose -12*c + 5858 + 394 = g. Is c a composite number?
False
Let g(h) = 158323*h - 663. Is g(2) composite?
True
Let c = -349018 - -491907. Is c composite?
True
Suppose 5*w + 142 = 4*l + 825, -3*w + 9 = 0. Let q(v) = 4*v**2 - 2*v + 24. Let d be q(-8). Let a = l + d. Is a a prime number?
False
Let p = 56 - 49. Suppose -p*d + 4*v = -2*d - 80, 0 = -d + v + 17. Suppose -4*k = -d*k + 17624. Is k a prime number?
True
Is (-3)/(7 + 10633810/(-1519111)) a prime number?
True
Let b(v) = -v**3 - 4*v**2 + 10*v + 10. Let s be b(-7). Let h = s + -85. Suppose 6*u + r = u + 7358, -4419 = -3*u - h*r. Is u a composite number?
False
Let i = -84 + 89. Suppose 6*c + 8250 = -i*c. Let f = 2219 + c. Is f a composite number?
True
Suppose 53930 = 17*l - 86541. Is l prime?
True
Let c(g) = 82*g**2 - 194*g - 43. Is c(-27) prime?
False
Suppose 0 = 3*d - 3*n - 6, -2*d + 2 = -4*n - 10. Is d/(-1) + (2 - 8) + 1035 composite?
False
Let t = 2556 - 1606. Let b = 4737 - t. Is b composite?
True
Let v = 59201 - 17886. Is v prime?
False
Let w(d) = -2*d**2 - d - 1. Let h(o) = o**